{"id":235,"date":"2014-11-03T16:06:00","date_gmt":"2014-11-03T14:06:00","guid":{"rendered":"http:\/\/suomenmateriaalitutkimus.com\/?page_id=235"},"modified":"2024-04-26T09:46:59","modified_gmt":"2024-04-26T06:46:59","slug":"palvelumme","status":"publish","type":"page","link":"http:\/\/suomenmateriaalitutkimus.com\/?page_id=235","title":{"rendered":"Palvelumme"},"content":{"rendered":"\r\n\t<div id=\"fws_69e164bda85be\" class=\"wpb_row vc_row-fluid standard_section   \" style=\"padding-top: 0px; padding-bottom: 0px; \"><div class=\"col span_12 dark \">\n\t<div class=\"vc_span12 wpb_column column_container col\" data-animation=\"\" data-delay=\"0\">\n\t\t<div class=\"wpb_wrapper\">\n\t\t\t\n\t<div class=\"wpb_text_column wpb_content_element \">\n\t\t<div class=\"wpb_wrapper\">\n\t\t\t<h4>Materiaalien testaus- ja analysointipalvelumme<\/h4>\n\n\t\t<\/div> \n\t<\/div> <div  class=\"divider-border\"><\/div><img class=\"img-with-animation \" data-delay=\"0\" data-animation=\"fade-in\" src=\"http:\/\/suomenmateriaalitutkimus.com\/wp-content\/uploads\/2014\/11\/osku.web_.crop_2.jpg\" alt=\"\" \/>\n\t\t<\/div> \n\t<\/div> \n<\/div><\/div>\r\n\t<div id=\"fws_69e164bda8af9\" class=\"wpb_row vc_row-fluid standard_section   \" style=\"padding-top: 0px; padding-bottom: 0px; \"><div class=\"col span_12 dark \">\n\t<div class=\"vc_span12 wpb_column column_container col\" data-animation=\"\" data-delay=\"0\">\n\t\t<div class=\"wpb_wrapper\">\n\t\t\t\n<div class=\"toggles \">\n<div class=\"toggle default\"><h3><a href=\"#\"><i class=\"icon-plus-sign\"><\/i>VAURIOANALYYSIT<\/a><\/h3><div>\n\t<div class=\"wpb_text_column wpb_content_element \">\n\t\t<div class=\"wpb_wrapper\">\n\t\t\t<p>L\u00f6ytyik\u00f6 komponentista s\u00e4r\u00f6j\u00e4, menik\u00f6 pultti poikki, hajosiko hitsi? Voimme analysoida luottamuksellisesti murtumismekanismin, selvitt\u00e4\u00e4 murtuman ydintymiskohdan sek\u00e4 selvitt\u00e4\u00e4 vaurioon johtaneet syyt. N\u00e4in voitte est\u00e4\u00e4 vastaavat vauriot tulevaisuudessa. Vaurioanalyysill\u00e4 pyrit\u00e4\u00e4n selvitt\u00e4m\u00e4\u00e4n vaurioon johtaneet juurisyyt. Alkuper\u00e4isten, vauriolle altistaneiden syiden selvitt\u00e4minen on eritt\u00e4in t\u00e4rke\u00e4\u00e4. Vain t\u00e4t\u00e4 tietoa hy\u00f6dynt\u00e4en on mahdollista korjata prosessissa varmuudella oikeita asioita. T\u00e4m\u00e4 s\u00e4\u00e4st\u00e4\u00e4 suoraan aikaa, rahaa ja mainetta.<\/p>\n<h6>MIHIN PALVELU SOVELTUU?<\/h6>\n<p><i class=\"icon-tiny icon-angle-right accent-color\"><\/i>Vaurioon johtaneiden syiden selvitt\u00e4miseen<br \/>\n<i class=\"icon-tiny icon-angle-right accent-color\"><\/i>Vauriotapauksien ennaltaehk\u00e4isyyn. Kun tiedet\u00e4\u00e4n mik\u00e4 todella meni vikaan, voidaan korjata vauriolle altistaneet juurisyyt ja est\u00e4\u00e4 vastaavat vauriot tulevaisuudessa.<\/p>\n\n\t\t<\/div> \n\t<\/div> <\/div><\/div>\n<div class=\"toggle default\"><h3><a href=\"#\"><i class=\"icon-plus-sign\"><\/i>ELEKTRONIMIKROSKOOPPIANALYYSIT<\/a><\/h3><div>\n\t<div class=\"wpb_text_column wpb_content_element \">\n\t\t<div class=\"wpb_wrapper\">\n\t\t\t<p>K\u00e4yt\u00f6ss\u00e4mme on moderni kentt\u00e4emissiopyyhk\u00e4isyelektronimikroskooppi (FEG-SEM), johon on liitetty mm. alkuaineanalysaattori (EDS). Laitteistoa k\u00e4yt\u00e4mme p\u00e4\u00e4asiassa vauriotapausten analysoinnissa sek\u00e4 tuote- ja materiaalikehitysty\u00f6ss\u00e4. Menetelm\u00e4 soveltuu isojen ja pienien n\u00e4ytteiden analysointiin. Menetelm\u00e4 soveltuu monenlaisille n\u00e4ytetyypeille, mm. metalli-, kuitu, ja hiukkasn\u00e4ytteille.<\/p>\n<h6>MIHIN PALVELU SOVELTUU?<\/h6>\n<p>Elektronimikroskoopilla on mahdollista kuvata tarvittaessa eritt\u00e4in isolla suurennoksella yksityiskohtaisia ja syvyyster\u00e4vi\u00e4 kuvia. Menetelm\u00e4ll\u00e4 on mahdollista esimerkiksi:<\/p>\n<p><i class=\"icon-tiny icon-angle-right accent-color\"><\/i>Analysoida murtopintoja ja murtumismekanismeja<br \/>\n<i class=\"icon-tiny icon-angle-right accent-color\"><\/i>Selvitt\u00e4\u00e4 vaurion ydintymisalue ja mahdolliset poikkeamat ydintymisalueella<br \/>\n<i class=\"icon-tiny icon-angle-right accent-color\"><\/i>Tehd\u00e4 alkuaineanalyysej\u00e4 tarkasti rajatulta alueelta, esimerkiksi analysoida sulkeumien tai suotaumien kemiallinen koostumus<br \/>\n<i class=\"icon-tiny icon-angle-right accent-color\"><\/i>Kartoittaa materiaalin rakenteita my\u00f6s laajoilta alueilta<\/p>\n\n\t\t<\/div> \n\t<\/div> <\/div><\/div>\n<div class=\"toggle default\"><h3><a href=\"#\"><i class=\"icon-plus-sign\"><\/i>MIKRORAKENNEANALYYSIT<\/a><\/h3><div>\n\t<div class=\"wpb_text_column wpb_content_element \">\n\t\t<div class=\"wpb_wrapper\">\n\t\t\t<p>Suoritamme mikrorakenneanalyysej\u00e4 tuhansien n\u00e4ytteiden ammattitaidolla. K\u00e4yt\u00f6ss\u00e4mme olevilla laitteilla ja ohjelmistoilla kykenemme suorittamaan eritt\u00e4in yksityiskohtaisia analyyseja. Yksitt\u00e4isten n\u00e4ytteiden lis\u00e4ksi pystymme valmistamaan my\u00f6s suuret sarjakoot nopeilla l\u00e4pimenoajoilla.<\/p>\n<h6>Mihin palvelu soveltuu?<\/h6>\n<p><i class=\"icon-tiny icon-angle-right accent-color\"><\/i>Vallitsevien faasien ja n\u00e4iden v\u00e4listen suhteiden selvitt\u00e4miseen<br \/>\n<i class=\"icon-tiny icon-angle-right accent-color\"><\/i>Karbidien l\u00f6yt\u00e4miseen ja laskentaan<br \/>\n<i class=\"icon-tiny icon-angle-right accent-color\"><\/i>Sulkeumien ja suotaumien l\u00f6yt\u00e4miseen ja analysointiin<br \/>\n<i class=\"icon-tiny icon-angle-right accent-color\"><\/i>Varmistamaan, ett\u00e4 mikrorakenne t\u00e4ytt\u00e4\u00e4 sille asetetut vaatimukset<br \/>\n<i class=\"icon-tiny icon-angle-right accent-color\"><\/i>Valuraudoilla edellisten lis\u00e4ksi grafiitin muodon analysointiin<br \/>\n<i class=\"icon-tiny icon-angle-right accent-color\"><\/i>Hitsien ja muiden k\u00e4ytettyjen menetelmien poikkileikkeiden analysointiin<\/p>\n\n\t\t<\/div> \n\t<\/div> <\/div><\/div>\n<div class=\"toggle default\"><h3><a href=\"#\"><i class=\"icon-plus-sign\"><\/i>KOVUUSMITTAUKSET<\/a><\/h3><div>\n\t<div class=\"wpb_text_column wpb_content_element \">\n\t\t<div class=\"wpb_wrapper\">\n\t\t\t<p>Haluatteko selvitt\u00e4\u00e4 t\u00e4ytt\u00e4\u00e4k\u00f6 materiaalinne sille asetetut kovuusvaatimukset? Moderneilla laitteistoillamme valmistamme teille kovuusmittausn\u00e4ytteet ja mittaamme suuretkin sarjat puolestanne. K\u00e4ytt\u00e4m\u00e4mme kovuusmittausmenetelm\u00e4t ovat Brinell, Vickers, ja Rockwell.<\/p>\n<h6>MIHIN PALVELU SOVELTUU?<\/h6>\n<p><i class=\"icon-tiny icon-angle-right accent-color\"><\/i> Materiaalin kovuuden selvitt\u00e4miseen<br \/>\n<i class=\"icon-tiny icon-angle-right accent-color\"><\/i> Karkaisusyvyyden m\u00e4\u00e4ritt\u00e4miseen<br \/>\n<i class=\"icon-tiny icon-angle-right accent-color\"><\/i> Hitsien eri vy\u00f6hykkeiden kovuuksien analysointiin<br \/>\n<i class=\"icon-tiny icon-angle-right accent-color\"><\/i> N\u00e4ytteen kovuusprofiilin luomiseen<\/p>\n\n\t\t<\/div> \n\t<\/div> <\/div><\/div>\n<div class=\"toggle default\"><h3><a href=\"#\"><i class=\"icon-plus-sign\"><\/i>V\u00c4SYTYSKOKEET<\/a><\/h3><div>\n\t<div class=\"wpb_text_column wpb_content_element \">\n\t\t<div class=\"wpb_wrapper\">\n\t\t\t<p>K\u00e4yt\u00e4mme v\u00e4symiskokeissa modernia py\u00f6ritystaivutuskonetta (Rotating Beam Fatigue System). Menetelm\u00e4n etuna on kokeen nopeus. Esimerkiksi valurautojen vaatima kymmenen miljoonan py\u00f6r\u00e4hdyksen koe j\u00e4rjestyy noin vuorokauden aikana riippuen kappaleen lujuudesta.<\/p>\n<h6>MIHIN PALVELU SOVELTUU?<\/h6>\n<p><i class=\"icon-tiny icon-angle-right accent-color\"><\/i> Materiaalin v\u00e4symislujuuden selvitt\u00e4miseen<\/p>\n\n\t\t<\/div> \n\t<\/div> <\/div><\/div>\n<div class=\"toggle default\"><h3><a href=\"#\"><i class=\"icon-plus-sign\"><\/i>VETO- JA PURISTUSKOKEET<\/a><\/h3><div>\n\t<div class=\"wpb_text_column wpb_content_element \">\n\t\t<div class=\"wpb_wrapper\">\n\t\t\t<p>Haluatko selvitt\u00e4\u00e4 materiaalisi my\u00f6t\u00f6lujuuden, murtolujuuden tai murtovenym\u00e4n?<\/p>\n<h6>MIHIN PALVELU SOVELTUU?<\/h6>\n<p><i class=\"icon-tiny icon-angle-right accent-color\"><\/i> My\u00f6t\u00f6lujuuden ja murtolujuuden selvitt\u00e4miseen<br \/>\n<i class=\"icon-tiny icon-angle-right accent-color\"><\/i>Materiaalin k\u00e4ytt\u00e4ytymisen selvitt\u00e4miseen staattisen kuormituksen tapauksessa<i class=\"icon-tiny icon-angle-right accent-color\"><\/i>Nurjahdukseen johtavien voimien selvitt\u00e4miseen<\/p>\n\n\t\t<\/div> \n\t<\/div> <\/div><\/div><\/div>\r\n\r\n\r\n\r\n\r\n\r\n\r\n\r\n\r\n\r\n\r\n\r\n\r\n\r\n\r\n\r\n\r\n\r\n\r\n\r\n\n\n\t<div class=\"wpb_text_column wpb_content_element \">\n\t\t<div class=\"wpb_wrapper\">\n\t\t\t<p style=\"font-size: 80%;\">Sovellamme toimeksiannoissamme konsulttitoiminnan yleisi\u00e4 sopimusehtoja (KSE1995).<\/p>\n\n\t\t<\/div> \n\t<\/div> \n\t\t<\/div> \n\t<\/div> \n<\/div><\/div>\r\n\t<div id=\"fws_69e164bda8c81\" class=\"wpb_row vc_row-fluid standard_section   \" style=\"padding-top: 0px; padding-bottom: 0px; \"><div class=\"col span_12 dark left\">\n\t<div class=\"vc_span12 wpb_column column_container col\" data-animation=\"\" data-delay=\"0\">\n\t\t<div class=\"wpb_wrapper\">\n\t\t\t\n\t<div class=\"wpb_text_column wpb_content_element \">\n\t\t<div class=\"wpb_wrapper\">\n\t\t\t<h4>Tapausesimerkkej\u00e4 tuottamistamme palveluista ja ratkaisuista<\/h4>\n\n\t\t<\/div> \n\t<\/div> \n\t\t<\/div> \n\t<\/div> \n<\/div><\/div>\r\n\t<div id=\"fws_69e164bda8ca7\" class=\"wpb_row vc_row-fluid standard_section   \" style=\"padding-top: 0px; padding-bottom: 0px; \"><div class=\"col span_12 dark \">\n\t<div class=\"vc_span6 wpb_column column_container col\" data-animation=\"\" data-delay=\"0\">\n\t\t<div class=\"wpb_wrapper\">\n\t\t\t<div class=\"iwithtext\"><div class=\"col span_2 iwt\"> <i class=\"icon-default-style icon-ok accent-color\"><\/i> <\/div><div class=\"col span_10 iwt\"> \n<h6>CASE VIERINT\u00c4PINNAT<\/h6>\n <\/div><div class=\"clear\"><\/div><\/div>\n\t<div class=\"wpb_text_column wpb_content_element \">\n\t\t<div class=\"wpb_wrapper\">\n\t\t\t<p><strong>Laakerien vierint\u00e4pinnat t\u00e4ynn\u00e4 mikroskooppisen pieni\u00e4 reiki\u00e4. Asiakkaan k\u00e4ytt\u00e4mien isojen s\u00e4hk\u00f6moottorien roottoriakselien laakerit olivat alkaneet pit\u00e4\u00e4 omituista \u00e4\u00e4nt\u00e4 ja v\u00e4risem\u00e4\u00e4n k\u00e4yt\u00f6n aikana. Syy haluttiin selvitt\u00e4\u00e4 ennen kuin tapahtuu isompi vahinko.<\/strong><\/p>\n\n\t\t<\/div> \n\t<\/div> <div style=\"margin-top: 7px; margin-bottom: 7px;\" class=\"divider-border\"><\/div>\n\t<div class=\"wpb_text_column wpb_content_element \">\n\t\t<div class=\"wpb_wrapper\">\n\t\t\t<p>Suomen Materiaalitutkimus selvitti reikien aiheuttajan. N\u00e4ytteet pienittiin elektronimikroskooppi-tutkimusta varten. Suoritetussa SEM-tutkimuksessa paljastui, ett\u00e4 vierint\u00e4pinnat olivat t\u00e4ynn\u00e4 mikroskooppisen pieni\u00e4 reiki\u00e4. Pinnat n\u00e4yttiv\u00e4t aivan kipin\u00e4ty\u00f6stetyilt\u00e4. Tarkemmassa analyysiss\u00e4 paljastui, ett\u00e4 vierint\u00e4pinnan ep\u00e4tasaiset pinnat johtuivat laakerin l\u00e4pi tahattomasti kulkeneesta ns. laakerivirrasta. Ongelma korjaantui lis\u00e4maadoituksella.<\/p>\n\n\t\t<\/div> \n\t<\/div> \n\t\t<\/div> \n\t<\/div> \n\n\t<div class=\"vc_span6 wpb_column column_container col\" data-animation=\"\" data-delay=\"0\">\n\t\t<div class=\"wpb_wrapper\">\n\t\t\t<div class=\"iwithtext\"><div class=\"col span_2 iwt\"> <i class=\"icon-default-style icon-ok accent-color\"><\/i> <\/div><div class=\"col span_10 iwt\"> \n<h6>CASE HUOKOISUUS<\/h6>\n <\/div><div class=\"clear\"><\/div><\/div>\n\t<div class=\"wpb_text_column wpb_content_element \">\n\t\t<div class=\"wpb_wrapper\">\n\t\t\t<p><strong>Valimo huomasi, ett\u00e4 kappaleista alkoi l\u00f6yty\u00e4 koneistusvaiheessa pient\u00e4 huokoisuutta. Huokoisuus oli ehdottomasti kielletty n\u00e4iss\u00e4 vaativissa tuotteissa.<\/strong><\/p>\n\n\t\t<\/div> \n\t<\/div> <div style=\"height: 22px;\" class=\"divider\"><\/div><div style=\"margin-top: 7px; margin-bottom: 7px;\" class=\"divider-border\"><\/div>\n\t<div class=\"wpb_text_column wpb_content_element \">\n\t\t<div class=\"wpb_wrapper\">\n\t\t\t<p>Suomen Materiaalitutkimus selvitti syyn ja tarjosi ratkaisun. EDS-analyysi suoritettiin ep\u00e4puhtauksien lis\u00e4ksi muottimateriaalille, uunin vuoraukselle ja muille materiaaleille, jotka ovat kosketuksissa sulan kanssa. Spektrej\u00e4 vertailemalla saatiin selvitetty\u00e4, miss\u00e4 vaiheessa prosessia ongelman juurisyyt olivat ja n\u00e4ihin keskittym\u00e4ll\u00e4 ongelma korjautui.<\/p>\n\n\t\t<\/div> \n\t<\/div> \n\t\t<\/div> \n\t<\/div> \n<\/div><\/div>\r\n\t<div id=\"fws_69e164bda8d09\" class=\"wpb_row vc_row-fluid standard_section   \" style=\"padding-top: 0px; padding-bottom: 0px; \"><div class=\"col span_12 dark \">\n\t<div class=\"vc_span12 wpb_column column_container col\" data-animation=\"\" data-delay=\"0\">\n\t\t<div class=\"wpb_wrapper\">\n\t\t\t<div style=\"margin-top: 5px; margin-bottom: 5px;\" class=\"divider-border\"><\/div><div style=\"height: 35px;\" class=\"divider\"><\/div>\n\t<div class=\"wpb_text_column wpb_content_element \">\n\t\t<div class=\"wpb_wrapper\">\n\t\t\t<p><strong>Kiinnostuitteko palveluistamme? Haluaisitteko kuulla lis\u00e4\u00e4 k\u00e4ytt\u00e4miemme menetelmien mahdollisuuksista esimerkiksi teid\u00e4n toiminnassanne? Ottakaa yhteytt\u00e4. <a title=\"Ota yhteytt\u00e4\" href=\"http:\/\/suomenmateriaalitutkimus.com\/?page_id=422\">Kerromme mielell\u00e4mme lis\u00e4\u00e4 <\/a><i class=\"icon-tiny icon-angle-right \"><\/i><\/strong><\/p>\n\n\t\t<\/div> \n\t<\/div> \n\t\t<\/div> \n\t<\/div> \n<\/div><\/div>\r\n\t<div id=\"fws_69e164bda8d37\" class=\"wpb_row vc_row-fluid standard_section   \" style=\"padding-top: 0px; padding-bottom: 0px; \"><div class=\"col span_12 dark \">\n\t<div class=\"vc_span12 wpb_column column_container col\" data-animation=\"\" data-delay=\"0\">\n\t\t<div class=\"wpb_wrapper\">\n\t\t\t\n\t<div class=\"wpb_text_column wpb_content_element \">\n\t\t<div class=\"wpb_wrapper\">\n\t\t\t\n\t\t<\/div> \n\t<\/div> \n\t\t<\/div> \n\t<\/div> \n<\/div><\/div>\n","protected":false},"excerpt":{"rendered":"Materiaalien testaus- ja analysointipalvelumme VAURIOANALYYSIT L\u00f6ytyik\u00f6 komponentista s\u00e4r\u00f6j\u00e4, menik\u00f6 pultti poikki, hajosiko hitsi? Voimme analysoida luottamuksellisesti murtumismekanismin, selvitt\u00e4\u00e4 murtuman ydintymiskohdan sek\u00e4 selvitt\u00e4\u00e4 vaurioon johtaneet syyt. N\u00e4in voitte est\u00e4\u00e4 vastaavat vauriot...","protected":false},"author":1,"featured_media":0,"parent":11,"menu_order":0,"comment_status":"closed","ping_status":"closed","template":"","meta":[],"_links":{"self":[{"href":"http:\/\/suomenmateriaalitutkimus.com\/index.php?rest_route=\/wp\/v2\/pages\/235"}],"collection":[{"href":"http:\/\/suomenmateriaalitutkimus.com\/index.php?rest_route=\/wp\/v2\/pages"}],"about":[{"href":"http:\/\/suomenmateriaalitutkimus.com\/index.php?rest_route=\/wp\/v2\/types\/page"}],"author":[{"embeddable":true,"href":"http:\/\/suomenmateriaalitutkimus.com\/index.php?rest_route=\/wp\/v2\/users\/1"}],"replies":[{"embeddable":true,"href":"http:\/\/suomenmateriaalitutkimus.com\/index.php?rest_route=%2Fwp%2Fv2%2Fcomments&post=235"}],"version-history":[{"count":205,"href":"http:\/\/suomenmateriaalitutkimus.com\/index.php?rest_route=\/wp\/v2\/pages\/235\/revisions"}],"predecessor-version":[{"id":634,"href":"http:\/\/suomenmateriaalitutkimus.com\/index.php?rest_route=\/wp\/v2\/pages\/235\/revisions\/634"}],"up":[{"embeddable":true,"href":"http:\/\/suomenmateriaalitutkimus.com\/index.php?rest_route=\/wp\/v2\/pages\/11"}],"wp:attachment":[{"href":"http:\/\/suomenmateriaalitutkimus.com\/index.php?rest_route=%2Fwp%2Fv2%2Fmedia&parent=235"}],"curies":[{"name":"wp","href":"https:\/\/api.w.org\/{rel}","templated":true}]}}